g + 2, -4 = -3*c + c. Suppose 3*i + 14 = 7*i - k, 4*k + 20 = 4*i. What is the remainder when g is divided by i?
1
Let k = 64 + -37. What is the remainder when k is divided by 10?
7
Suppose 27 = -3*q - 0. Let t(b) = -4*b + 1. Let n be t(-3). Let x = q + n. Calculate the remainder when x is divided by 3.
1
Let b = -42 - -152. Calculate the remainder when b is divided by 14.
12
Suppose 0 = -5*b - 2*b + 1596. Calculate the remainder when b is divided by 58.
54
Let u(q) = -q**2 + 6*q + 6. Suppose 0 = 3*g - 2*f - 54, -3*g + 63 = -0*g - 5*f. Calculate the remainder when g is divided by u(6).
4
Suppose -4*a + 30 = -2*g, a + g + 0*g = 12. Let p = 26 + -10. Calculate the remainder when p is divided by a.
7
Let z = -4 - -20. Let b(s) = 5*s**2. Let j be b(-1). Suppose 5*l - 21 = -1, j*r = -3*l + 42. Calculate the remainder when z is divided by r.
4
Let n(u) = u**3 - 6*u**2 + 9*u - 5. Calculate the remainder when n(5) is divided by 8.
7
Let o = 6 + -2. Suppose 10 = 5*i + 2*f, 4*i - o*f - 24 = 3*i. Calculate the remainder when i is divided by 3.
1
Suppose -5*u + 43 = -8*h + 4*h, -5*h + 59 = 4*u. What is the remainder when 52 is divided by u?
8
Let v(c) = -4*c + 1. Let a(p) = 11*p - 4. Let d(w) = -3*a(w) - 8*v(w). What is the remainder when (-1 - 0/(-4)) + 2 is divided by d(3)?
0
Suppose 0 = -3*y + 138. Calculate the remainder when y is divided by 12.
10
Let g = 86 - 45. Calculate the remainder when g is divided by (-16)/(-6)*99/12.
19
Suppose -3*t = 2*o - 6, 0 = 4*o - 7*t + 4*t - 48. Let u(v) = -2*v**2 - v**2 + v**3 + v - 2*v**3 + 5. What is the remainder when u(-4) is divided by o?
8
Let u = 8 - 3. Suppose -13 + 123 = u*k. What is the remainder when k is divided by 6?
4
Let g(w) = 6*w - 20. What is the remainder when 9 is divided by g(4)?
1
Let d(h) = -h**2 + 5*h + 23. Calculate the remainder when 88 is divided by d(7).
7
Let l(p) = -p**3 + p**2 + p + 1. Let y be l(0). What is the remainder when 40 is divided by (-44)/(-6) - y/3?
5
Let g = -60 + 79. What is the remainder when 75 is divided by g?
18
Let h = -138 - -454. Suppose l = -3*l + h. Calculate the remainder when l is divided by 27.
25
Suppose 4*t + 6 = l, 4*l - 5 = l - t. Calculate the remainder when (-33)/11 + l*19 is divided by 9.
8
Let l = -157 - -226. What is the remainder when l is divided by 24?
21
Let d = -2 - -5. Suppose -u + 5 = p, p - 3*u + 0 = -7. Suppose 5*l - 122 = s, -d*l + p*s + 78 = 3*s. What is the remainder when l is divided by 13?
12
Suppose 5*w = -5*f + 250, 0 = 6*w - 2*w + f - 185. What is the remainder when w is divided by 18?
9
Suppose 10 + 2 = -4*s. Let y be 14/8 - s/12. Suppose y*b - 17 = 3*j, 4 + 4 = b - 2*j. Calculate the remainder when 18 is divided by b.
8
Suppose 84 + 156 = 12*r. Calculate the remainder when 57 is divided by r.
17
Suppose -452 - 364 = -12*j. Calculate the remainder when j is divided by 18.
14
Suppose -13 = -3*h + 20. What is the remainder when 65 is divided by h?
10
Let v = 6 - 3. Suppose v*m - 27 = 3. What is the remainder when 28 is divided by m?
8
Let n(t) = t**3 - 3*t**2 - 18*t + 6. Let c(v) = v**2 - 10*v + 11. Calculate the remainder when n(6) is divided by c(9).
0
Suppose 7*g + 52 = 11*g. Calculate the remainder when 49 is divided by g.
10
Suppose 5*s = 5*d + 60, 3*d - 33 = -2*s + 8*d. Let h = 22 - s. Let k(a) = -a**3 + 5*a**2 + 5*a + 13. What is the remainder when k(5) is divided by h?
12
Suppose 23*i - 14*i = 396. Calculate the remainder when i is divided by 15.
14
Let v = 13 + -8. Let m = -20 - -22. Suppose -2*u = -v*c + 35, 2*c + m*u = 6*c - 30. Calculate the remainder when 17 is divided by c.
2
Let t = 64 + -46. What is the remainder when 35 is divided by t?
17
Calculate the remainder when (3 - 10)*(-1 + -6) is divided by 18.
13
Suppose -7 = 2*q - 25. Calculate the remainder when 16 is divided by q.
7
Let i = -53 - -33. Suppose -3*y - 2*y - 4*s + 29 = 0, 2*y = -s + 14. Calculate the remainder when (-75)/(-20)*i/(-3) is divided by y.
7
Calculate the remainder when 25 is divided by -28*6/(-48)*(1 + 1).
4
Let i = 12 + -6. Suppose 5*c - 4*n - 26 = -i, -5*c - 2*n + 50 = 0. Calculate the remainder when 23 is divided by c.
7
Let d(g) = 3*g**2 + g - 2. What is the remainder when 55 is divided by d(3)?
27
Let l = 42 + -6. Let z(w) = 4*w - 5. What is the remainder when l is divided by z(6)?
17
Let d = -22 - -54. Calculate the remainder when d is divided by 18.
14
Let d be 15/(-5) + (-40 - -1). What is the remainder when (-354)/(-7) - (-24)/d is divided by 13?
11
Let a be -1 - (-1 + 0 + 36). Let q = -24 - a. Suppose -4*r = -3*r - 7. What is the remainder when q is divided by r?
5
Let j be (0 + 2)/(3/3). Suppose 0 = j*h - 3*h + 9. Calculate the remainder when 26 is divided by h.
8
Let n = 3 - 2. Suppose n = 4*j - 19. What is the remainder when 17 is divided by j?
2
Let d(y) = 5*y + 1. Let f = -3 + 0. What is the remainder when d(8) is divided by 160/12 - 2/f?
13
Suppose 29 = 2*i - i. Calculate the remainder when i is divided by 2/8 - 93/(-12).
5
Let g be 2/(-6) - (-61)/3. Let q = -5 + g. Calculate the remainder when 56 is divided by q.
11
What is the remainder when 106 is divided by (-4)/(-14) - 2100/(-196)?
7
Suppose -l + m = 2*l - 79, -5*l + 125 = -3*m. Let k(f) = -f**3 - 9*f**2 - 10*f - 5. Calculate the remainder when l is divided by k(-8).
6
Suppose -2*g - 2 = -b, b - 1 + 3 = -2*g. Calculate the remainder when g/(-1 - 57/(-58)) is divided by 12.
10
Let y = 8 + 2. What is the remainder when 77 is divided by y?
7
Suppose 3*h - 9 = 15. What is the remainder when 29 is divided by h?
5
Suppose 0 = -a - 4*c - 13, 0*c + 2*c - 25 = -5*a. Calculate the remainder when 33 is divided by a.
5
Let v = -57 + 80. Calculate the remainder when v is divided by 8.
7
Let z(a) = -a**3 + 4*a + 3. Suppose -4*t + 221 = -3. Suppose -114 = -5*c + t. Calculate the remainder when c is divided by z(-3).
16
Suppose 3*i + 2*i + 5 = 0. Calculate the remainder when ((-4)/10)/(i/50) is divided by 7.
6
Suppose 4*k - 44 = 28. Suppose y + y - k = 0. Suppose -4*t - 4*h + y*h = -40, 4*h = -16. Calculate the remainder when 8 is divided by t.
3
Suppose -3*t = 3*b - 144, t = 5*t - 5*b - 237. Calculate the remainder when t is divided by 28.
25
Let u = 21 + -8. Calculate the remainder when 50 is divided by u.
11
Let w(d) = -d**3 + 5*d**2 - 6*d + 3. Let a be w(5). Let t be 275/4 + (-9)/12. Let k = t + a. What is the remainder when k is divided by 11?
8
Let o(f) be the second derivative of f**3/6 - 3*f**2/2 - 5*f. What is the remainder when 24 is divided by o(8)?
4
Suppose -2*u + 277 = 5*w, -5*w = -5*u + 3*u - 273. Let s = 112 - w. Let m = s - 29. Calculate the remainder when m is divided by 10.
8
Suppose -3*i + 102 = 9. What is the remainder when i is divided by 12?
7
Let n(h) be the third derivative of h**5/12 + 5*h**4/24 + 5*h**3/6 - h**2. What is the remainder when n(-2) is divided by 6?
3
Let h = 26 + -1. Calculate the remainder when h is divided by 9.
7
What is the remainder when 2 is divided by (104/28 + -4)*-7?
0
Suppose -12 = 5*u - u, 0 = 5*t - u - 113. What is the remainder when t is divided by (10/(-8))/(1/(-4))?
2
Suppose 5*h - 213 = -4*i - 0*h, -2*i = 4*h - 102. What is the remainder when i is divided by 20?
17
Let x(l) = l**3 + 6*l**2 - 6*l + 9. Let d be x(-7). Suppose d*g - 6*g = -40. Calculate the remainder when (-1 - -1) + (-28)/(-1) is divided by g.
8
Let l be (-1)/(-2) - 1/(-2). Let u = l + 2. Suppose 4*r = 2*r + 4*g + 2, 8 = u*r - g. What is the remainder when r is divided by 2?
1
Let v = -4 + 6. Suppose 4*n = 3*n + 3. Suppose -v = -n*a + 31. What is the remainder when a is divided by 4?
3
Let l(x) = 14*x + 18. What is the remainder when l(4) is divided by 25?
24
Let j = -138 - -215. Let p(c) = c**2 + 3*c + 10. Calculate the remainder when j is divided by p(-5).
17
Let d be 7/(-3) + (-8)/12. Suppose -4*l = -3*l - 26. Calculate the remainder when l is divided by (-1)/d + (-80)/(-12).
5
Suppose -3*n + 2*q - 27 = -2*q, -n - 2*q - 19 = 0. Let t = 20 + n. Calculate the remainder when t is divided by 2.
1
Suppose 0*z = z - 20. Suppose 0*v + z = 4*v. Calculate the remainder when 14 is divided by v.
4
Suppose -7 = -n + 3. What is the remainder when 18 is divided by n?
8
Let b(i) = 2*i**3 - 3*i + 3. What is the remainder when b(3) is divided by 19?
10
Let u = 4 + -2. Let q be 20/2